294803?
5
What is the units digit of 1618306105?
5
What is the ten millions digit of 542889359?
4
What is the millions digit of 59035076?
9
What is the thousands digit of 322988877?
8
What is the units digit of 28027141?
1
What is the ten millions digit of 869803892?
6
What is the hundred millions digit of 189807874?
1
What is the millions digit of 67298970?
7
What is the hundreds digit of 304638283?
2
What is the hundred thousands digit of 1213953739?
9
What is the units digit of 76587894?
4
What is the ten thousands digit of 738549649?
4
What is the thousands digit of 3183323728?
3
What is the units digit of 305952716?
6
What is the hundreds digit of 20800007?
0
What is the units digit of 1534644059?
9
What is the ten thousands digit of 400550306?
5
What is the millions digit of 5961642?
5
What is the thousands digit of 339242378?
2
What is the units digit of 32759196?
6
What is the tens digit of 2096377383?
8
What is the hundred millions digit of 168712287?
1
What is the units digit of 2984161702?
2
What is the hundred millions digit of 929066289?
9
What is the tens digit of 989130797?
9
What is the tens digit of 1661544708?
0
What is the ten thousands digit of 67966227?
6
What is the hundreds digit of 1102273417?
4
What is the hundreds digit of 127299094?
0
What is the thousands digit of 26707134?
7
What is the millions digit of 56308531?
6
What is the hundred thousands digit of 1171397208?
3
What is the tens digit of 845994942?
4
What is the hundred thousands digit of 128093425?
0
What is the ten millions digit of 19633582?
1
What is the millions digit of 279672248?
9
What is the hundreds digit of 230573488?
4
What is the ten millions digit of 528599081?
2
What is the billions digit of 1046613264?
1
What is the millions digit of 305910508?
5
What is the ten thousands digit of 117136718?
3
What is the units digit of 800457626?
6
What is the thousands digit of 368030631?
0
What is the millions digit of 309868429?
9
What is the hundreds digit of 814265460?
4
What is the hundreds digit of 2862914133?
1
What is the tens digit of 2642617662?
6
What is the hundred thousands digit of 59627629?
6
What is the ten millions digit of 288756115?
8
What is the hundreds digit of 61536782?
7
What is the ten millions digit of 27095355?
2
What is the ten thousands digit of 1971035860?
3
What is the ten millions digit of 1411928110?
1
What is the tens digit of 645652267?
6
What is the ten millions digit of 160558339?
6
What is the units digit of 104112572?
2
What is the millions digit of 78914712?
8
What is the tens digit of 296112031?
3
What is the units digit of 82594033?
3
What is the ten thousands digit of 32423106?
2
What is the millions digit of 1122112382?
2
What is the ten millions digit of 577625651?
7
What is the millions digit of 211866750?
1
What is the billions digit of 2588995379?
2
What is the hundred millions digit of 145225285?
1
What is the hundreds digit of 742497977?
9
What is the billions digit of 1268576441?
1
What is the hundred thousands digit of 452157526?
1
What is the millions digit of 474421703?
4
What is the hundred millions digit of 1711982038?
7
What is the hundred thousands digit of 52442578?
4
What is the millions digit of 79319502?
9
What is the hundreds digit of 700499223?
2
What is the units digit of 481963026?
6
What is the hundred thousands digit of 7227052?
2
What is the thousands digit of 53961938?
1
What is the thousands digit of 64706094?
6
What is the ten thousands digit of 44563258?
6
What is the millions digit of 1844221357?
4
What is the units digit of 32272363?
3
What is the thousands digit of 141854600?
4
What is the millions digit of 2061569980?
1
What is the hundred millions digit of 3977958992?
9
What is the hundred thousands digit of 952922163?
9
What is the ten millions digit of 100624811?
0
What is the ten millions digit of 47873587?
4
What is the tens digit of 367622689?
8
What is the ten thousands digit of 5554442091?
4
What is the ten thousands digit of 23552649?
5
What is the hundred millions digit of 861397171?
8
What is the tens digit of 15906517?
1
What is the units digit of 529017638?
8
What is the hundreds digit of 83016830?
8
What is the hundred thousands digit of 37428892?
4
What is the hundreds digit of 3074090?
0
What is the ten millions digit of 66899832?
6
What is the millions digit of 50179278?
0
What is the hundred millions digit of 489594477?
4
What is the hundred thousands digit of 25073673?
0
What is the thousands digit of 106310383?
0
What is the ten millions digit of 2761963622?
6
What is the hundred thousands digit of 655798285?
7
What is the millions digit of 546544433?
6
What is the thousands digit of 1156119940?
9
What is the ten millions digit of 1189072997?
8
What is the ten millions digit of 82769942?
8
What is the hundred millions digit of 3910167372?
9
What is the hundred millions digit of 249096929?
2
What is the tens digit of 502236610?
1
What is the tens digit of 3809770085?
8
What is the hundred thousands digit of 140228953?
2
What is the hundreds digit of 1456777728?
7
What is the ten millions digit of 231495617?
3
What is the hundreds digit of 2342747260?
2
What is the millions digit of 26188305?
6
What is the ten thousands digit of 245430626?
3
What is the thousands digit of 27927220?
7
What is the hundred millions digit of 2567621698?
5
What is the hundred millions digit of 4709732876?
7
What is the ten millions digit of 72811095?
7
What is the billions digit of 2373025024?
2
What is the tens digit of 1932306264?
6
What is the hundreds digit of 290432972?
9
What is the hundred thousands digit of 19384872?
3
What is the ten thousands digit of 1034940386?
4
What is the ten thousands digit of 18466118?
6
What is the hundred thousands digit of 1246339081?
3
What is the hundred thousands digit of 69153148?
1
What is the ten thousands digit of 1033726433?
2
What is the hundreds digit of 775605802?
8
What is the hundred thousands digit of 974992776?
9
What is the hundred thousands digit of 42436529?
4
What is the ten millions digit of 190537256?
9
What is the hundred thousands digit of 108584197?
5
What is the ten thousands digit of 60191519?
9
What is the tens digit of 3608322424?
2
What is the ten thousands digit of 971637990?
3
What is the thousands digit of 229932666?
2
What is the thousands digit of 284793871?
3
What is the units digit of 14983340?
0
What is the ten millions digit of 117263608?
1
What is the millions digit of 62894045?
2
What is the hundred thousands digit of 40823213?
8
What is the hundred thousands digit of 6057979203?
9
What is the hundreds digit of 2494741958?
9
What is the ten millions digit of 416967543?
1
What is the ten millions digit of 693106765?
9
What is the hundred thousands digit of 65968029?
9
What is the millions digit of 4202688040?
2
What is the millions digit of 13402287?
3
What is the hundred millions digit of 428284434?
4
What is the hundred millions digit of 197029446?
1
What is the millions digit of 3522619192?
2
What is the tens digit of 35025371?
7
What is the ten thousands digit of 5517413509?
1
What is the thousands digit of 585132155?
2
What is the thousands digit of 6426723832?
3
What is the hundreds digit of 993626399?
3
What is the millions digit of 816457272?
6
What is the ten millions digit of 366600238?
6
What is the units digit of 41419098?
8
What is the billions digit of 1274127291?
1
What is the millions digit of 183010701?
3
What is the thousands digit of 1689215151?
5
What is the ten millions digit of 2874670257?
7
What is the thousands digit of 124188112?
8
What is the ten thousands digit of 14907210?
0
What is the hundred thousands digit of 737372622?
3
What is the thousands digit of 122686842?
6
What is the hundred thousands digit of 5496605521?
6
What is the millions digit of 109875369?
9
What is the tens digit of 1194207866?
6
What is the hundred millions digit of 658346254?
6
What is the millions digit of 307889588?
7
What is the hundred thousands digit of 580994133?
9
What is the ten thousands digit of 27293764?
9
What is the millions digit of 3574985?
3
What is the millions digit of 398027840?
8
What is the hundred thousands digit of 532009419?
0
What is the hundred thousands digit of 83700679?
7
What